 -502 - -526. What is the highest common factor of p and a?
8
Suppose -m + 5*g = -9, -4*g = -15 + 11. Calculate the highest common factor of 1750 and m.
14
Let l be (2/4 - 0)*-10. Let t = 10 + l. Calculate the highest common divisor of 35 and t.
5
Let i(a) = -2*a**3 + 52*a**2 - 267*a + 29. Let m be i(18). Let k be 37/(-2)*(-4)/2. Calculate the highest common factor of m and k.
37
Let m be 4/10 - 188/(-5). Calculate the highest common divisor of 19 and m.
19
Let m(a) = -a + 56. Let y be m(-28). What is the greatest common divisor of 48 and y?
12
Suppose 4*s = 39*s - 1470. Calculate the highest common divisor of s and 336.
42
Let w = -2 + 3. Let i(d) = 110*d. Let p be i(w). Suppose -50 = -7*r + 2*r. Calculate the greatest common divisor of p and r.
10
Suppose -5*i + 161 - 61 = 0. Calculate the highest common factor of 180 and i.
20
Suppose 3*b - 3*g - 186 = 0, -3*b - 5*g + 37 = -149. Calculate the highest common divisor of b and 1922.
62
Let v be (-14)/63 + 58/18. Let n be -9*-10*v/2. Calculate the highest common divisor of n and 15.
15
Suppose -5*t + t + 2*y - 294 = 0, t + 2*y + 71 = 0. Let p = t - -74. Suppose -5*z = -5 - 15. What is the highest common divisor of p and z?
1
Suppose 0*d = d - 3. Suppose -14 - 22 = d*f. Let y be ((-80)/f)/(6/81). Calculate the greatest common factor of y and 10.
10
Suppose -3*m + 4*o + 158 = 0, m - 59 = -5*o - 0*o. Suppose 2*l + 20 - m = 0. Suppose 18 = -l*x + 20*x. What is the highest common divisor of x and 4?
2
Let q be (-62)/(-155) - (-58)/5. Calculate the highest common factor of 4 and q.
4
Let r be (-2)/(-6) + (-308)/(-21). What is the highest common divisor of r and 165?
15
Let u(n) = -5*n - 6. Let d(b) = -4*b - 6. Let m(x) = -6*d(x) + 7*u(x). Let c be m(-2). Calculate the highest common divisor of 16 and c.
16
Let x be ((-1734)/(-612))/((-2)/(-24)). Calculate the highest common factor of x and 391.
17
Let p(q) = 34*q**2 - 2*q + 2. Suppose 6 = 5*g - 3*a - 2, -g = 4*a + 3. Let s be p(g). What is the highest common factor of 85 and s?
17
Let h be (-139)/(-7) + (-69)/(-483). Calculate the highest common factor of h and 100.
20
Let y be 24/(-56) - 73/(-7). Suppose 5*i = -3*c + 1, c - 3*i - 13 = -4*c. What is the greatest common divisor of c and y?
2
Let y(u) be the first derivative of -u**3/3 - 17*u**2/2 + 2*u + 1. Let c be y(-10). What is the greatest common divisor of 8 and c?
8
Suppose -k + 7*x = 4*x - 4, x = -k + 4. Suppose -k*z + 8 = -0*z. Let m be 5*((-11)/(-5) - 1). What is the greatest common factor of m and z?
2
Let c be 878/7 + (-72)/(-126). Let m be ((-6)/18)/((-2)/c). Suppose m = w - 4*b + 3*b, 0 = 5*w + 5*b - 95. Calculate the highest common factor of 180 and w.
20
Suppose -3 - 147 = 5*n. Let l(p) = p**2 + 30*p + 18. Let a be l(n). Suppose -34 = -4*x + 2. What is the highest common divisor of x and a?
9
Suppose -s = -6*s + 4*s. Let f be 312/54 - 4/(-18). Suppose 0 = 2*m + 2*l - 178, -f*m + 2*m + 4*l + 372 = s. Calculate the greatest common divisor of m and 13.
13
Let z be (4/12)/(2/78). Suppose -37*l = 406 - 1368. Calculate the greatest common divisor of z and l.
13
Let d be (4/6)/((-18)/(-81)) - -189. What is the greatest common factor of 24 and d?
24
Let p(q) = -q**2 + 10*q - 9. Let v be p(9). Suppose v*w - 14 = -2*w. Let j be 486/w + (-6)/14. Calculate the highest common divisor of j and 23.
23
Let m = -7 - -18. Suppose -440 = -27*t + 22*t. Calculate the greatest common factor of m and t.
11
Let g = 324 + -312. Suppose 189 - 573 = -4*c. What is the greatest common factor of c and g?
12
Suppose -2*p + 1178 = 309*s - 307*s, -3*p - 3 = 0. Calculate the highest common factor of 20 and s.
10
Let r be 0 + 1 + 9 + -1. Let q be 329/63 + (-2)/9. Suppose 2*n + n = -3*p + 18, 15 = q*p + 2*n. What is the greatest common divisor of r and p?
1
Suppose -5*a = 5*j - 40, 0 = -3*a + 7*a + j - 17. Calculate the greatest common factor of a and 5.
1
Let k be 8/12 + -1 + 2/6. Suppose -120 = -w - 4*q, -4*w - 5*q + 453 + 71 = k. Calculate the greatest common factor of w and 8.
8
Let t = -18 - -25. Suppose 3*j - 10 = a + a, 0 = -j - 3*a + t. Suppose 0 = -4*n - 3*c + 57, 19 = n - j*c - 0*c. What is the highest common factor of 5 and n?
5
Let w(b) = b + 8. Let g be w(8). Let h be 20/(-25)*(-60)/3. Suppose z - 3*z + h = 0. What is the highest common factor of z and g?
8
Suppose -5*q - 75 = -2*w, 3*w = -q - 3*q + 55. Suppose 0 = -4*u + 4*n - n + 37, -3*u + w = -5*n. Calculate the greatest common divisor of u and 10.
10
Let j be (0 - 5)*6/(-5). Let x = j + 1. Suppose -4*z = -9 - x. Calculate the highest common factor of 4 and z.
4
Let v be (-7 + 5)*33/(-4)*148. Let w be (v/18)/(3/(-9))*-1. What is the greatest common factor of 37 and w?
37
Let s(z) = -z**2 + 26*z + 2. Let p be s(25). What is the greatest common divisor of 189 and p?
27
Let b(i) = -4*i**3 + 2*i - 1. Let j be b(1). Let q be 2 - -8 - (-1 - (-6)/j). What is the highest common factor of q and 13?
13
Let h(o) = o + 1. Let i be h(2). Suppose -v - i = -35. Let s = v - -12. Calculate the highest common divisor of 11 and s.
11
Suppose f = -2*k + 2*f + 3, -4*k = -5*f - 3. Suppose 2*s + 198 = 4*x, -79 = -k*x - 3*s - 0*s. What is the highest common divisor of 47 and x?
47
Let j(t) = -2*t + 39. Let y be j(-20). Calculate the greatest common divisor of y and 553.
79
Suppose 13*h - 17*h = -748. Calculate the highest common factor of h and 11.
11
Let g = 17 + -32. Let v(b) = -b - 11. Let w be v(g). What is the highest common divisor of 44 and w?
4
Let q(o) = 6*o**2 + 11*o - 64. Let g be q(4). Calculate the greatest common divisor of 418 and g.
38
Suppose 0 = x - 5*y - 24, 4*y + 127 = x + 2*x. Let t be 21/4 - (-1)/(-4). Let s be (t - 0/(-5)) + 2. What is the highest common divisor of s and x?
7
Let p be (-722)/(-6) - (-1)/(-3). Suppose -2684*s + 120 = -2680*s. What is the highest common divisor of p and s?
30
Let t be 64/(-6)*(-7 + (-26)/4). What is the highest common factor of t and 48?
48
Suppose -o + 156 = o. Suppose 5*l + 635 = -0*y - 5*y, -3*y + 2*l = 356. Let h = 148 + y. Calculate the greatest common factor of o and h.
26
Suppose 2*s - 3*s + 28 = 0. Let w = 595 - 588. Calculate the greatest common factor of w and s.
7
Let i = 22 + 97. Let g(h) = -2*h**3 - 40*h**2 + 17. Let l be g(-20). What is the greatest common divisor of i and l?
17
Suppose -3*p + 27 = 15. Calculate the greatest common factor of 32 and p.
4
Let q(p) = p**3 + 12*p**2 - 17*p - 34. Let o be q(-13). What is the greatest common factor of 333 and o?
9
Let m be ((-3)/2)/(12/(-16)). Suppose 9 = m*w - 17. Let s = w + -8. Calculate the highest common divisor of s and 35.
5
Let y = -18 + 21. Suppose 0 = -4*u - z + 28, -u + 15 = 3*z - y. Calculate the highest common divisor of 3 and u.
3
Suppose -8 = o - 9*o. Let y be (21 - o)*1/(12/15). Calculate the greatest common factor of y and 200.
25
Let b = -2597 + 3607. What is the greatest common factor of b and 20?
10
Suppose -3*s - 12 = -3*j, 21 = 5*j + s - 5*s. Suppose -6*c + 72 = -j*c. Suppose -4*m = -0*m - 32. What is the highest common factor of m and c?
8
Suppose 0 = -t + 3*t. Let u be -1*(t - (-51)/(-3)). Let x = -95 + 214. What is the highest common divisor of u and x?
17
Suppose 11 = 6*b - 13. Suppose -a - t = -22, -b*t - t + 2 = a. Calculate the greatest common factor of a and 243.
27
Suppose -72*p = -59*p - 3848. What is the greatest common divisor of 185 and p?
37
Let a be (-16)/(-10) - (-4)/10. Let k be a/3 - 2*(-106)/6. Calculate the greatest common factor of k and 9.
9
Let w be 124 + -1 - (3 - 5). Let y be ((-100)/(-14))/((-14)/(-49)). Calculate the highest common divisor of w and y.
25
Let k be ((-7)/(-21) + (2 - 2))*18. What is the greatest common divisor of 66 and k?
6
Let j(c) = -5*c - 11. Let x(g) = -1. Let f(i) = j(i) - 2*x(i). Let h be f(-2). What is the greatest common divisor of 8 and h?
1
Let x(d) = 32*d + 12. Let b be x(8). What is the highest common divisor of b and 201?
67
Let z = 121 - 117. Let k be (-7 + z)/(1 + -2). Calculate the greatest common divisor of 30 and k.
3
Let k(a) = -a + 33. Let v be k(11). Suppose -55 = -2*l - 3*s, 44 + v = 3*l - s. What is the highest common factor of 23 and l?
23
Let u = -59 - -55. Let r be 40/(-2)*11/(22/u). What is the highest common factor of r and 200?
40
Let d = 32 - 2. Suppose -3*y + d = -y.